t is the highest common factor of 67 and k?
67
Suppose -q - 253 + 551 = 0. Calculate the highest common divisor of q and 2.
2
Let t be ((-120)/70)/(2*(3 - 166573/55524)). What is the greatest common factor of t and 18?
18
Suppose -3*o + 354 = -3*n, 230*o - 234*o + n + 472 = 0. What is the highest common divisor of 12921 and o?
59
Let a(s) = -s**3 + 28*s**2 + 103*s - 11. Let f be a(31). What is the greatest common divisor of f and 39?
13
Let l = -9476 - -9809. Calculate the highest common factor of 407 and l.
37
Suppose -10*b = -50, 322 = 2*x - 2*b - 2*b. Suppose -172*r = -x*r - 96. What is the greatest common divisor of 264 and r?
24
Suppose 2*z = -2*x + 654, 4*x + 10*z - 1307 = 5*z. Let o = 377 - 324. Let d = o + -12. Calculate the highest common factor of d and x.
41
Suppose -120*g + 956544 = 72*g. What is the greatest common factor of 376 and g?
94
Let n(r) = -7*r**2 - 308*r + 42. Let w be n(-29). Calculate the highest common factor of w and 189.
63
Suppose -2624 = -22*u + 6*u. Let p = -152 + u. Suppose j = 4*z - 0*z + 144, -2*z + 258 = 2*j. Calculate the highest common factor of j and p.
12
Suppose -h = 5*d - 2 - 4, 5*d = 2*h + 18. Let s be d + 6/2 + 10. Suppose 128 = s*i - 7*i. Calculate the highest common divisor of 72 and i.
8
Suppose -32006 = -10*p - 14815 + 18989. What is the greatest common divisor of p and 67?
67
Suppose 80*k - 16*k + 16*k - 6400 = 0. Let z = -35 + 65. Calculate the highest common factor of k and z.
10
Suppose 0 = -144*h + 6819 - 2211. What is the greatest common factor of h and 3328?
32
Let n = 157 - 154. Suppose n*x = -m + 19, m - 20*x + 22*x - 17 = 0. Calculate the highest common divisor of 169 and m.
13
Suppose 95*r + 66*r - 838 = 1416. Let j be (-7 - 0)/(2/(-4)). What is the greatest common factor of r and j?
14
Let g = -142314 - -211997. Suppose -53*m + g = -12997. What is the highest common factor of 26 and m?
26
Let o(q) = 137*q - 645. Let b be o(5). Calculate the highest common factor of 2680 and b.
40
Let p(w) = w**3 + 19*w**2 - 616*w - 127. Let q be p(-36). Let t = 3 + -2. Let x be (t - 30/(-4))*6. What is the highest common divisor of q and x?
17
Let r(f) = -2*f**3 - 7*f**2 + 10*f + 8. Let t be r(-6). Let k be (-3 - 1)*-1 + t. Suppose 0*v = -4*v + k. What is the greatest common divisor of 66 and v?
33
Suppose -2*b + 588 = 5*q - 367, 3*q + 3*b - 582 = 0. Suppose 0 = p + p + 58. Let t = p - -50. Calculate the greatest common factor of q and t.
21
Let l be 68 - 1 - (-22 + 23). Suppose 155 = 2*n + 23. What is the highest common factor of l and n?
66
Suppose -19*s + 11 = -217. Suppose 0 = -s*f + 6*f + 324. Calculate the highest common factor of 918 and f.
54
Let i be (-4)/((-14)/(-3528)*-16). Calculate the highest common divisor of 1161 and i.
9
Let v(b) = -b - 6. Let u be v(-6). Let s = 2 + u. Let i be (5 - 0)*(576/(-18) + 13)/(-19). Calculate the highest common divisor of i and s.
1
Suppose -5*a = -3*r - 502, 3*a + 66*r = 69*r + 294. Let b be (3 + 23)*(-1 - -2). Calculate the highest common factor of b and a.
26
Let g = 815 + -80. Let k = -58 - -79. Calculate the highest common factor of g and k.
21
Let t be 3 - (-9)/12*2*-2. Suppose 135 = 15*o - t*o. Let j = 65 - 20. Calculate the highest common divisor of o and j.
9
Suppose 5 - 69 + 8 = -28*b. Suppose 2*o = -3*o + 70. Let y = o - 7. Calculate the highest common divisor of b and y.
1
Let f(y) = -y**3 - 24*y**2 + 16*y + 260. Let z be f(-26). What is the highest common divisor of z and 3956?
92
Let g = -22 - -52. Let y be (-97)/(-97) - (-6 + -3 + -2). Calculate the highest common factor of g and y.
6
Suppose -33*c + 3330 = -14622. What is the greatest common factor of c and 96?
32
Suppose -3*a + 4*a + 4*r = -4, -3*a - 4 = 4*r. Let p be (-9 - -12) + a + 4. What is the highest common divisor of 119 and p?
7
Suppose s = -3*d + 3*s + 405, -5*d + s = -675. Let r = 30 + -23. Suppose g - r = 47. What is the highest common factor of g and d?
27
Suppose -5*t + 3628 = h, -107*h + 3*t = -109*h + 7228. What is the highest common factor of h and 704?
88
Suppose 7*i = -6735 + 6987. What is the greatest common factor of i and 234?
18
Suppose 22*j - 843 = 2621 - 1352. What is the highest common divisor of j and 450?
6
Suppose 7*m - 2*m = -4*w + 11400, w = 3*m + 2884. What is the greatest common divisor of w and 140?
20
Suppose 0 = -72*j + 275*j - 255374. What is the highest common divisor of 74 and j?
74
Suppose -3*j = -0*y - 2*y - 13, -5*y + 3*j - 55 = 0. Let u be 168/(-48)*16/y. Suppose u*s = 3*s + 14. What is the greatest common divisor of 63 and s?
7
Suppose -2*x - 7*x + 45 = 0. Suppose -x*t + t = 3*o - 1122, o + 556 = 2*t. What is the highest common divisor of 31 and t?
31
Suppose 4*h + 28*u - 33*u = 913, 0 = 3*h + u - 661. Calculate the highest common factor of h and 138.
6
Suppose -4*h + 3420 = 5*r, -2052 = 46*r - 49*r + 5*h. Calculate the highest common divisor of 288 and r.
36
Let q = -40 - -42. Suppose -4*o - q*y - 120 = 0, 5*y = -2*o - 46 - 30. Let p = 30 + o. What is the greatest common factor of p and 2?
2
Let k be (-141)/(-12) + 2/8. Let g = -128 + 127. Let f(h) = -6*h**3 - h**2 + 6*h + 7. Let d be f(g). What is the greatest common divisor of k and d?
6
Suppose 422*r - 367*r = 5005. What is the greatest common factor of r and 182?
91
Suppose 15 + 13 = 7*z. Suppose z*i + 2*x = 159 + 37, x + 184 = 4*i. Let s = 71 - i. What is the highest common divisor of s and 36?
12
Suppose 4*l = 8, -i + 49 = 5*l - 28. What is the highest common factor of i and 2?
1
Let o(l) = 2 - 14*l**3 + l**2 + 15*l**3 + 0*l**2 - 2*l. Let s be o(2). Suppose 100 = 8*c - 3*c. Calculate the greatest common divisor of c and s.
10
Let z = -8214 + 8526. What is the highest common factor of z and 1222?
26
Let k = 669 - 642. What is the highest common divisor of k and 207?
9
Let y(b) = 95*b - 1555. Let k be y(17). Calculate the highest common factor of k and 2355.
15
Let w(i) = -i**3 + 25*i**2 + 35*i + 94. Let l be w(26). Suppose 780 = 334*d - l*d. What is the greatest common factor of d and 10?
10
Suppose 2*y = 3*t - 2*t + 32, -5*y - 2*t + 98 = 0. Suppose -4*f - 78 = -258. Suppose -6*q + f = 9. What is the highest common factor of q and y?
6
Let u be 7 - -78 - (-2 + -1). Let s(d) = 5*d**2 - 266*d - 1067. Let g be s(-4). What is the greatest common divisor of u and g?
11
Suppose -5*t - 202 + 272 = -5*x, -5*x = -2*t + 49. Calculate the highest common factor of 13 and t.
1
Suppose -5*m - 2326 = g - 2991, -2*g - 3*m + 1295 = 0. Let v(u) = 4*u**3 - 2*u**2 - 4*u + 2. Let z be v(3). What is the highest common factor of z and g?
80
Let k be 2/9 - 175/(-63). Let x(f) = -3*f**2 - f**3 - 4 - 2*f**2 + 0*f**2 - 3*f + 0*f**k. Let v be x(-5). Calculate the highest common divisor of v and 11.
11
Suppose 889*x = 904*x - 225. What is the highest common divisor of x and 25?
5
Suppose 4*k = 7*k + 5*f - 223, -79 = -k + 3*f. Let h = k - 68. Let j(l) = -2*l**2 + 18*l + 2. Let t be j(h). Calculate the highest common factor of t and 9.
9
Suppose -p = 4*a - 146, -5*p + 1522 = -2*a + 990. What is the highest common factor of 5126 and p?
22
Let u = 5269 + 1085. What is the greatest common divisor of u and 18?
18
Let v be ((-2)/(-6) - 2) + 1800/(-216). Let b be ((-18)/v)/((-2)/(-410)) - 6. What is the greatest common factor of 33 and b?
33
Let m(k) = 13*k**2 - 247*k**3 - 5*k**2 - 11 + 246*k**3 - 10*k. Let x be m(5). Suppose -13*t = -x*t + 6. Calculate the highest common factor of 66 and t.
6
Let k(d) = 87*d - 33. Let z be k(7). Suppose -z = 622*q - 626*q. Calculate the greatest common factor of 9 and q.
9
Suppose 0 = 89*x - 95*x + 18. Suppose 28 = 2*q + 2*q. Let b = -3 + q. Calculate the greatest common factor of b and x.
1
Let b = 1936 + -1885. Let d be 41 - ((-8)/2 - -2). Let a = b - d. Calculate the greatest common factor of a and 16.
8
Let w = 6844 - 3577. Calculate the highest common factor of w and 108.
27
Suppose d - 4*o - 22 = 11, 3*d - 99 = 3*o. Suppose -v + 48 = -3*f, -2*v + 2*f - d = -117. Calculate the greatest common factor of v and 39.
39
Suppose -3*n + n - 260 = -3*m, 0 = 2*m. Let a be n/(-30) - 2/(-3). Suppose a*l + 193 = 4*f, -6*f + 5*f = l - 55. What is the greatest common divisor of 4 and f?
4
Let z = 4664 - 3472. What is the highest common divisor of z and 16?
8
Let a be (-16 + 4)*(-284)/6. What is th